by 89?
82
Calculate the remainder when 67 is divided by 5.
2
Calculate the remainder when 2561 is divided by 183.
182
Calculate the remainder when 540 is divided by 37.
22
Calculate the remainder when 1341 is divided by 64.
61
What is the remainder when 123 is divided by 21?
18
What is the remainder when 150 is divided by 76?
74
Calculate the remainder when 537 is divided by 5.
2
What is the remainder when 69 is divided by 36?
33
What is the remainder when 437 is divided by 89?
81
What is the remainder when 269 is divided by 106?
57
Calculate the remainder when 41 is divided by 14.
13
What is the remainder when 928 is divided by 31?
29
What is the remainder when 61 is divided by 45?
16
What is the remainder when 57 is divided by 41?
16
Calculate the remainder when 260 is divided by 29.
28
Calculate the remainder when 1297 is divided by 30.
7
Calculate the remainder when 95 is divided by 86.
9
Calculate the remainder when 653 is divided by 82.
79
Calculate the remainder when 914 is divided by 76.
2
Calculate the remainder when 160 is divided by 23.
22
What is the remainder when 1396 is divided by 461?
13
What is the remainder when 616 is divided by 182?
70
What is the remainder when 577 is divided by 60?
37
What is the remainder when 19903 is divided by 21?
16
Calculate the remainder when 42 is divided by 5.
2
What is the remainder when 1164 is divided by 106?
104
Calculate the remainder when 677 is divided by 139.
121
What is the remainder when 268 is divided by 54?
52
What is the remainder when 73 is divided by 14?
3
What is the remainder when 1507 is divided by 9?
4
Calculate the remainder when 1408 is divided by 663.
82
Calculate the remainder when 2861 is divided by 7.
5
Calculate the remainder when 112 is divided by 5.
2
What is the remainder when 737 is divided by 10?
7
What is the remainder when 35 is divided by 4?
3
Calculate the remainder when 69 is divided by 28.
13
What is the remainder when 30 is divided by 19?
11
Calculate the remainder when 26320 is divided by 15.
10
Calculate the remainder when 357 is divided by 42.
21
Calculate the remainder when 10652 is divided by 12.
8
Calculate the remainder when 48 is divided by 12.
0
What is the remainder when 472 is divided by 43?
42
What is the remainder when 135 is divided by 77?
58
What is the remainder when 195 is divided by 63?
6
Calculate the remainder when 828 is divided by 26.
22
Calculate the remainder when 167 is divided by 5.
2
What is the remainder when 254 is divided by 82?
8
What is the remainder when 302 is divided by 35?
22
What is the remainder when 4520 is divided by 119?
117
What is the remainder when 69 is divided by 5?
4
What is the remainder when 209 is divided by 71?
67
What is the remainder when 724 is divided by 2?
0
Calculate the remainder when 70 is divided by 19.
13
What is the remainder when 847 is divided by 138?
19
Calculate the remainder when 1162 is divided by 32.
10
Calculate the remainder when 5050 is divided by 19.
15
What is the remainder when 22 is divided by 2?
0
What is the remainder when 54 is divided by 24?
6
What is the remainder when 428 is divided by 8?
4
Calculate the remainder when 1759 is divided by 84.
79
Calculate the remainder when 446 is divided by 6.
2
Calculate the remainder when 238 is divided by 48.
46
What is the remainder when 981 is divided by 138?
15
What is the remainder when 119 is divided by 21?
14
What is the remainder when 144 is divided by 15?
9
What is the remainder when 436 is divided by 85?
11
Calculate the remainder when 372 is divided by 79.
56
Calculate the remainder when 646 is divided by 21.
16
Calculate the remainder when 1163 is divided by 40.
3
Calculate the remainder when 1758 is divided by 14.
8
Calculate the remainder when 94 is divided by 85.
9
What is the remainder when 154 is divided by 54?
46
What is the remainder when 53 is divided by 17?
2
What is the remainder when 2671 is divided by 889?
4
Calculate the remainder when 114 is divided by 3.
0
What is the remainder when 419 is divided by 43?
32
Calculate the remainder when 238 is divided by 17.
0
Calculate the remainder when 779 is divided by 29.
25
What is the remainder when 521 is divided by 25?
21
Calculate the remainder when 316 is divided by 160.
156
What is the remainder when 107 is divided by 11?
8
What is the remainder when 160 is divided by 34?
24
What is the remainder when 552 is divided by 79?
78
Calculate the remainder when 1882 is divided by 59.
53
What is the remainder when 1427 is divided by 42?
41
Calculate the remainder when 75 is divided by 13.
10
What is the remainder when 475 is divided by 235?
5
Calculate the remainder when 1261 is divided by 52.
13
What is the remainder when 1334 is divided by 8?
6
Calculate the remainder when 75 is divided by 13.
10
What is the remainder when 51 is divided by 29?
22
What is the remainder when 112 is divided by 81?
31
What is the remainder when 194 is divided by 105?
89
What is the remainder when 132 is divided by 38?
18
What is the remainder when 239 is divided by 89?
61
Calculate the remainder when 193 is divided by 69.
55
What is the remainder when 73 is divided by 38?
35
What is the remainder when 108 is divided by 22?
20
What is the remainder when 21064 is divided by 6?
4
Calculate the remainder when 318 is divided by 1.
0
What is the remainder when 85 is divided by 23?
16
What is the remainder when 55 is divided by 8?
7
Calculate the remainder when 1084 is divided by 140.
104
What is the remainder when 166 is divided by 83?
0
Calculate the remainder when 879 is divided by 20.
19
What is the remainder when 451 is divided by 23?
14
What is the remainder when 762 is divided by 193?
183
What is the remainder when 830 is divided by 16?
14
What is the remainder when 228 is divided by 82?
64
Calculate the remainder when 162 is divided by 76.
10
What is the remainder when 75 is divided by 26?
23
What is the remainder when 233 is divided by 15?
8
What is the remainder when 347 is divided by 87?
86
Calculate the remainder when 138 is divided by 20.
18
What is the remainder when 518 is divided by 53?
41
What is the remainder when 380 is divided by 64?
60
What is the remainder when 1000 is divided by 67?
62
What is the remainder when 1665 is divided by 49?
48
Calculate the remainder when 67 is divided by 57.
10
What is the remainder when 84 is divided by 6?
0
Calculate the remainder when 285 is divided by 20.
5
What is the remainder when 4022 is divided by 23?
20
What is the remainder when 751 is divided by 247?
10
What is the remainder when 169 is divided by 6?
1
Calculate the remainder when 3 is divided by 2.
1
What is the remainder when 777 is divided by 87?
81
Calculate the remainder when 15 is divided by 4.
3
Calculate the remainder when 53213 is divided by 362.
361
What is the remainder when 128 is divided by 127?
1
What is the remainder when 1763 is divided by 42?
41
What is the remainder when 252 is divided by 112?
28
Calculate the remainder when 228 is divided by 174.
54
What is the remainder when 1906 is divided by 160?
146
Calculate the remainder when 729 is divided by 48.
9
What is the remainder when 883 is divided by 52?
51
Calculate the remainder when 545 is divided by 137.
134
What is the remainder when 6141 is divided by 74?
73
What is the remainder when 49 is divided by 29?
20
What is the remainder when 1259 is divided by 210?
209
What is the remainder when 467 is divided by 155?
2
Calculate the remainder when 2508 is divided by 81.
78
Calculate the remainder when 1289 is divided by 17.
14
Calculate the remainder when 214 is divided by 74.
66
What is the remainder when 1146 is divided by 104?
2
What is the remainder when 7378 is divided by 157?
156
What is the remainder when 8022 is divided by 75?
72
What is the remainder when 345 is divided by 87?
84
What is the remainder when 2843 is divided by 356?
351
What is the remainder when 1688 is divided by 337?
3
Calculate the remainder when 23 is divided by 3.
2
Calculate the remainder when 47 is divided by 31.
16
Calculate the remainder when 116 is divided by 8.
4
What is the remainder when 821 is divided by 126?
65
What is the remainder when 148 is divided by 45?
13
Calculate the remainder when 1088 is divided by 360.
8
What is the rema